
-60
Let y(w) = -3*w**3 + 19*w**2 - 2*w - 98. Give y(3).
-14
Let p(c) = 434*c - 8611. What is p(20)?
69
Let n(m) = -19*m + 1626. What is n(85)?
11
Let y(r) = 11*r + 132. Calculate y(-7).
55
Let f(q) = -q**3 + 20*q**2 + 94*q - 44. Determine f(24).
-92
Let i(k) = 4*k**2 - 116*k + 232. Determine i(26).
-80
Let d(w) = -5*w**3 + 3*w**2 + 9*w + 1. Calculate d(-3).
136
Let n(z) = -z**3 + 13*z**2 + 49*z + 8. What is n(-3)?
5
Let v(q) = -3*q**3 - 84*q**2 - 341*q + 86. Determine v(-23).
-6
Let m(y) = -49*y**2 + 159*y - 156. What is m(1)?
-46
Let b(j) = -j**2 + 38*j - 191. Give b(33).
-26
Let u(h) = -26*h + 917. Calculate u(35).
7
Let n(c) = -236*c - 17694. What is n(-75)?
6
Let z(u) = 24*u**2 + 24*u - 39. Calculate z(5).
681
Let f(d) = -10*d**3 + 40*d**2 - 4*d + 18. Give f(4).
2
Let a(x) = x**3 - 18*x**2 + 19*x - 272. Calculate a(18).
70
Let j(d) = -12*d - 104. Determine j(-19).
124
Let n(m) = 193*m + 8886. Give n(-46).
8
Let t(r) = r**3 + 21*r**2 - 45*r - 1. Give t(-23).
-24
Let s(b) = -7*b**3 - 5*b**2 + 12*b - 20. Calculate s(3).
-218
Let b(r) = -r**3 - 11*r**2 - 58*r - 183. Give b(-7).
27
Let v(h) = -524*h - 518. Calculate v(-1).
6
Let c(x) = x**2 + 312*x - 1591. Calculate c(5).
-6
Let l(u) = u**3 - 2*u**2 - 66*u + 206. Calculate l(3).
17
Let l(p) = 3*p**2 + 20*p + 27. Give l(-13).
274
Let y(j) = j**2 - 151*j - 295. Determine y(-2).
11
Let v(b) = -b**3 + 40*b**2 + 141*b - 2379. Give v(42).
15
Let z(p) = p**2 - p - 3. Calculate z(-1).
-1
Let h(d) = 18*d**2 + 1243*d + 80. Calculate h(-69).
11
Let d(x) = -251*x**2 - 49*x - 10. Calculate d(-2).
-916
Let j(k) = k**2 + 22*k + 68. What is j(-7)?
-37
Let g(h) = -h**3 + 36*h**2 - 131*h + 15. What is g(32)?
-81
Let a(v) = 2*v**2 - 14*v - 66. What is a(7)?
-66
Let m(a) = -9*a - 163. Give m(22).
-361
Let x(d) = -57*d**2 - 2397*d - 132. What is x(-42)?
-6
Let w(o) = 3*o + 87. Determine w(11).
120
Let r(h) = h**3 + 31*h**2 + 64*h - 48. What is r(-28)?
512
Let m(d) = -45*d - 1017. Give m(-23).
18
Let u(q) = -2*q**2 - 9*q + 40. What is u(-10)?
-70
Let b(z) = -380*z - 1531. Give b(-4).
-11
Let t(n) = n**3 - 9*n**2 - 73*n + 39. What is t(14)?
-3
Let a(x) = -2*x**2 + 52*x + 1106. Determine a(-14).
-14
Let j(s) = -5*s**2 + 215*s + 684. Give j(-3).
-6
Let u(t) = -779*t + 851. What is u(1)?
72
Let c(l) = -32*l + 234. Calculate c(7).
10
Let m(n) = 9*n**3 - 8*n**2 - 14*n + 23. Determine m(1).
10
Let b(z) = -9*z**2 - 10*z - 15. What is b(-1)?
-14
Let w(p) = 2*p**2 - 65*p - 2037. Determine w(52).
-9
Let m(g) = 14*g**2 - 206*g + 515. What is m(12)?
59
Let n(r) = r**2 + 10*r - 2994. Determine n(50).
6
Let i(p) = 3*p**2 - 27*p + 48. Give i(8).
24
Let q(l) = -63*l - 322. Determine q(-7).
119
Let b(h) = -7*h + 202. Calculate b(12).
118
Let k(t) = 7*t - 257. Give k(33).
-26
Let q(z) = -54*z + 1613. What is q(30)?
-7
Let w(u) = -2*u**3 + 43*u**2 - 19*u - 32. Give w(21).
10
Let h(x) = x**3 - 57*x**2 + 161*x + 13. Give h(3).
10
Let c(q) = 20*q**2 - 5*q - 19. Give c(5).
456
Let k(r) = -8*r**2 - 2*r - 63. Calculate k(0).
-63
Let p(q) = -q**3 + 5*q**2 + 5388*q - 32292. What is p(6)?
0
Let d(v) = -14*v**2 - 202*v - 76. Determine d(-14).
8
Let m(z) = -7*z**2 - 866*z + 1144. What is m(-125)?
19
Let a(k) = -18*k**3 + 3*k**2 - 5*k. Calculate a(2).
-142
Let q(t) = t**2 + 16*t + 52. What is q(18)?
664
Let k(w) = -w**3 - 13*w**2 - 41*w + 28. Give k(-7).
21
Let a(q) = 17*q - 116. Determine a(7).
3
Let u(w) = -34*w - 145. Calculate u(-4).
-9
Let l(c) = -17*c + 1000. Give l(58).
14
Let r(l) = -26*l**2 - 9*l - 16. Determine r(-2).
-102
Let w(k) = 5*k**2 + 12*k + 15. What is w(-2)?
11
Let b(o) = o**2 + 10*o + 12. Give b(-8).
-4
Let z(c) = c**3 - 9*c**2 + 100*c - 729. Give z(8).
7
Let j(i) = 1297*i - 119323. What is j(92)?
1
Let c(r) = -r**3 + 5*r**2 + 11*r - 24. What is c(2)?
10
Let k(n) = 3*n**2 + 270*n - 200. Give k(-91).
73
Let m(b) = -5*b**2 - 43*b - 172. Calculate m(-13).
-458
Let c(k) = 2*k**3 + 25*k**2 - 223*k + 2. Determine c(6).
-4
Let y(h) = -h**2 + 70*h + 25995. What is y(200)?
-5
Let q(u) = -15*u - 226. What is q(-16)?
14
Let v(m) = m**2 + 21*m + 92. Give v(-15).
2
Let k(r) = 6*r - 139. Determine k(32).
53
Let j(u) = -115*u + 2188. Determine j(19).
3
Let v(p) = 900*p - 24296. Give v(27).
4
Let w(y) = 275*y**2 - 28326*y + 106. Give w(103).
3
Let k(y) = -y**3 + 14*y**2 + 37*y + 246. What is k(17)?
8
Let l(o) = -1206*o + 10846. Calculate l(9).
-8
Let z(f) = f**2 + 21*f - 1127. What is z(-43)?
-181
Let r(v) = -18*v + 1513. What is r(84)?
1
Let x(y) = -3*y**3 - 1332*y**2 - 21776*y + 20. What is x(-17)?
3
Let f(y) = -34*y + 149. Determine f(5).
-21
Let q(u) = 5*u + 33. Calculate q(-26).
-97
Let t(s) = 2*s**3 + 290*s**2 - 68*s - 9854. Calculate t(-145).
6
Let l(f) = -5*f**2 + 92*f - 40. Give l(18).
-4
Let o(p) = -19*p - 887. Give o(-48).
25
Let q(j) = j**3 - 39*j**2 + 43*j - 149. Calculate q(38).
41
Let o(w) = -3*w**2 - 334*w - 794. Determine o(-109).
-31
Let t(d) = d**3 + 25*d**2 - 85*d + 877. Determine t(-29).
-22
Let d(q) = -75*q - 1610. What is d(-21)?
-35
Let l(a) = a**3 + a**2 + 25*a + 305. Calculate l(-6).
-25
Let f(p) = p**3 - 10*p**2 + 113*p - 2365. Determine f(14).
1
Let b(c) = -c**3 - 24*c**2 - 19*c + 39. Determine b(-23).
-53
Let r(m) = m**3 - 5*m**2 - 37*m + 114. Determine r(3).
-15
Let w(c) = 10*c**2 + 16*c + 18. Determine w(-2).
26
Let z(q) = q**3 + 16*q**2 - 225*q + 6. Calculate z(-25).
6
Let u(j) = -j**3 - 15*j**2 + 4*j + 77. What is u(-17)?
587
Let f(p) = p**3 + 10*p**2 - 25*p - 140. Give f(-11).
14
Let h(a) = 5*a**2 - 122*a + 53. Give h(24).
5
Let v(z) = 17*z - 87. Determine v(-11).
-274
Let i(u) = 8*u**2 - 62*u - 86. Determine i(9).
4
Let x(o) = 123*o**2 - 118*o - 233. Calculate x(-2).
495
Let g(m) = -m**2 + 159*m + 4216. Give g(-23).
30
Let u(z) = -z**3 - 18*z**2 - 50*z - 1797. Give u(-20).
3
Let x(s) = s**3 + 36*s**2 + 256*s + 3. Determine x(-10).
43
Let q(k) = 2*k**3 - 27*k**2 + 379*k - 5488. Calculate q(14).
14
Let o(x) = -4*x**2 - 22*x + 5. Determine o(-16).
-667
Let p(m) = 55*m - 1158. What is p(21)?
-3
Let q(r) = 31*r - 27. Give q(8).
221
Let c(p) = -p**3 - 96*p**2 - 34*p + 5781. Determine c(-95).
-14
Let p(a) = -a**2 - 14*a - 60. Determine p(-20).
-180
Let h(t) = -t**3 + 26*t**2 - 50*t + 61. Give h(24).
13
Let p(k) = 1897*k - 2041. What is p(1)?
-144
Let i(k) = 5*k**3 + 4*k**2 - 5*k + 2. Give i(-2).
-12
Let u(c) = -18*c**3 - 6*c**2 - 3*c + 1. Calculate u(-1).
16
Let y(p) = 1710*p + 18831. Determine y(-11).
21
Let l(x) = 13*x - 23. Determine l(16).
185
Let u(d) = d**2 - 23*d - 120. Give u(-5).
20
Let f(h) = -h**2 - 99*h + 1648. What is f(18)?
-458
Let k(b) = -b**3 - 248*b**2 - 514*b - 5388. What is k(-246)?
24
Let x(u) = 7*u**3 - 18*u**2 - 64*u + 172. Calculate x(3).
7
Let u(h) = -39*h - 437. What is u(-16)?
187
Let o(w) = -13*w**2 - 12*w + 2. Calculate o(-5).
-263
Let z(r) = -4*r**2 - 45*r - 161. Calculate z(-10).
-111
Let h(z) = 25*z**3 - 324*z**2 - 32*z + 239. Calculate h(13).
-8
Let z(l) = -l**3 + 2*l**2 - 3*l + 4. Determine z(0).
4
Let o(i) = i**3 - 155*i**2 + 751*i - 131. Determine o(150).
19
Let y(f) = 2*f**3 - 12*f**2 - 16*f + 113. Determine y(5).
-17
Let m(t) = -4*t**2 + 81*t + 38. Give m(21).
-25
Let u(v) = -v**3 - 32*v**2 - 88*v - 69. What is u(-29)?
-40
Let s(d) = -80*d + 6325. Give s(79).
5
Let f(m) = m**2 - 12*m - 64. What is f(10)?
-84
Let j(s) = -62*s - 1571. Determine j(-25).
-21
Let l(n) = 20*n + 1236. Give l(-63).
-24
Let c(a) = 76*a + 626. Give c(-8).
18
Let m(s) = s**3 - 21*s**2 - 55*s - 19. Determine m(23).
-226
Let y(u) = 27*u - 1284. Give y(83).
957
Let v(u) = 51*u + 556. Determine v(-10).
46
Let h(r) = 165*r + 972. Give h(-6).
-18
Let b(l) = 65*l**2 + 37*l - 1. Give b(-1).
27
Let j(y) = y**3 - 12*y**2 + 20*y - 75. What is j(10)?
-75
Let f(w) = 6*w**2 + 290*w - 1153. What is f(-52)?
-9
Let z(p) = 4502*p - 13494. What is z(3)?
12
Let t(r) = 167*r - 26. Calculate t(2).
308
Let y(z) = -z**2 + 272*z + 1656. Give y(-6).
-12
Let g(p) = p**3 + 78*p**2 + 841*p - 116. Give g(-65).
144
Let t(h) = 13*h + 247. Determine t(-17).
26
Let f(s) = -s**3 - 42*s**2 - 54*s - 563. What is f(-41)?
-30
Let s(m) = 4*m**2 + 23*m - 104. Give s(7).
253
Let g(k) = -k**2 + 27*k - 146. Give g(20).
-6
Let n(l) = -2*l**3 - 24*l**2 + 579*l + 52. Determine n(-24).
-20
Let u(p) = 9*p + 23. Give u(17).
176
Let i(c) = -2*c**3 -